{"id":5108,"date":"2023-01-27T12:23:37","date_gmt":"2023-01-27T11:23:37","guid":{"rendered":"https:\/\/naturotraveller.com\/?page_id=5108"},"modified":"2023-01-27T14:38:35","modified_gmt":"2023-01-27T13:38:35","slug":"activite-physique-individuelle","status":"publish","type":"page","link":"https:\/\/naturotraveller.com\/?page_id=5108","title":{"rendered":"Activite physique individuelle"},"content":{"rendered":"\n<h2 class=\"wp-block-heading has-text-align-center\">Session d&rsquo;activit\u00e9 physique individuelle adapt\u00e9e<br>avec conseils nutritionnels<\/h2>\n\n\n\n<div class=\"wp-block-columns is-layout-flex wp-container-core-columns-is-layout-7387b849 wp-block-columns-is-layout-flex\">\n<div class=\"wp-block-column is-layout-flow wp-block-column-is-layout-flow\">\n<p class=\"wp-block-paragraph\">Session d\u2019activit\u00e9 physique personnalis\u00e9 et adapt\u00e9e \u00e0 vos besoins et votre objectif<strong>.<\/strong><\/p>\n\n\n\n<p class=\"wp-block-paragraph\">Dur\u00e9e : 3 fois par semaine, durant 3 semaines.<\/p>\n\n\n\n<p class=\"wp-block-paragraph\">Tarif : 300,00 \u20ac<\/p>\n\n\n\n<div class=\"wp-block-buttons is-layout-flex wp-block-buttons-is-layout-flex\">\n<div class=\"wp-block-button\"><a class=\"wp-block-button__link wp-element-button\" href=\"https:\/\/naturotraveller.com\/?page_id=5145\">Prendre Rendez-vous<\/a><\/div>\n<\/div>\n<\/div>\n\n\n\n<div class=\"wp-block-column is-layout-flow wp-block-column-is-layout-flow\">\n<figure class=\"wp-block-image aligncenter size-full is-style-rounded\"><img loading=\"lazy\" decoding=\"async\" width=\"370\" height=\"438\" src=\"https:\/\/naturotraveller.com\/wp-content\/uploads\/2023\/01\/activitephysiqueseul.webp\" alt=\"femme en seance de crossfit\" class=\"wp-image-5066\" srcset=\"https:\/\/naturotraveller.com\/wp-content\/uploads\/2023\/01\/activitephysiqueseul.webp 370w, https:\/\/naturotraveller.com\/wp-content\/uploads\/2023\/01\/activitephysiqueseul-253x300.webp 253w\" sizes=\"auto, (max-width: 370px) 100vw, 370px\" \/><\/figure>\n<\/div>\n<\/div>\n","protected":false},"excerpt":{"rendered":"<p>Session d&rsquo;activit\u00e9 physique individuelle adapt\u00e9eavec conseils nutritionnels Session d\u2019activit\u00e9 physique personnalis\u00e9 et adapt\u00e9e \u00e0 vos besoins et votre objectif. Dur\u00e9e : 3 fois par semaine, durant 3 semaines. Tarif : 300,00 \u20ac<\/p>\n","protected":false},"author":1,"featured_media":0,"parent":0,"menu_order":0,"comment_status":"closed","ping_status":"closed","template":"","meta":{"_crdt_document":"","site-sidebar-layout":"default","site-content-layout":"","ast-site-content-layout":"default","site-content-style":"default","site-sidebar-style":"default","ast-global-header-display":"","ast-banner-title-visibility":"","ast-main-header-display":"","ast-hfb-above-header-display":"","ast-hfb-below-header-display":"","ast-hfb-mobile-header-display":"","site-post-title":"disabled","ast-breadcrumbs-content":"","ast-featured-img":"","footer-sml-layout":"","ast-disable-related-posts":"","theme-transparent-header-meta":"","adv-header-id-meta":"","stick-header-meta":"","header-above-stick-meta":"","header-main-stick-meta":"","header-below-stick-meta":"","astra-migrate-meta-layouts":"default","ast-page-background-enabled":"default","ast-page-background-meta":{"desktop":{"background-color":"","background-image":"","background-repeat":"repeat","background-position":"center center","background-size":"auto","background-attachment":"scroll","background-type":"","background-media":"","overlay-type":"","overlay-color":"","overlay-opacity":"","overlay-gradient":""},"tablet":{"background-color":"","background-image":"","background-repeat":"repeat","background-position":"center center","background-size":"auto","background-attachment":"scroll","background-type":"","background-media":"","overlay-type":"","overlay-color":"","overlay-opacity":"","overlay-gradient":""},"mobile":{"background-color":"","background-image":"","background-repeat":"repeat","background-position":"center center","background-size":"auto","background-attachment":"scroll","background-type":"","background-media":"","overlay-type":"","overlay-color":"","overlay-opacity":"","overlay-gradient":""}},"ast-content-background-meta":{"desktop":{"background-color":"var(--ast-global-color-5)","background-image":"","background-repeat":"repeat","background-position":"center center","background-size":"auto","background-attachment":"scroll","background-type":"","background-media":"","overlay-type":"","overlay-color":"","overlay-opacity":"","overlay-gradient":""},"tablet":{"background-color":"var(--ast-global-color-5)","background-image":"","background-repeat":"repeat","background-position":"center center","background-size":"auto","background-attachment":"scroll","background-type":"","background-media":"","overlay-type":"","overlay-color":"","overlay-opacity":"","overlay-gradient":""},"mobile":{"background-color":"var(--ast-global-color-5)","background-image":"","background-repeat":"repeat","background-position":"center center","background-size":"auto","background-attachment":"scroll","background-type":"","background-media":"","overlay-type":"","overlay-color":"","overlay-opacity":"","overlay-gradient":""}},"footnotes":""},"class_list":["post-5108","page","type-page","status-publish","hentry"],"_links":{"self":[{"href":"https:\/\/naturotraveller.com\/index.php?rest_route=\/wp\/v2\/pages\/5108","targetHints":{"allow":["GET"]}}],"collection":[{"href":"https:\/\/naturotraveller.com\/index.php?rest_route=\/wp\/v2\/pages"}],"about":[{"href":"https:\/\/naturotraveller.com\/index.php?rest_route=\/wp\/v2\/types\/page"}],"author":[{"embeddable":true,"href":"https:\/\/naturotraveller.com\/index.php?rest_route=\/wp\/v2\/users\/1"}],"replies":[{"embeddable":true,"href":"https:\/\/naturotraveller.com\/index.php?rest_route=%2Fwp%2Fv2%2Fcomments&post=5108"}],"version-history":[{"count":2,"href":"https:\/\/naturotraveller.com\/index.php?rest_route=\/wp\/v2\/pages\/5108\/revisions"}],"predecessor-version":[{"id":5155,"href":"https:\/\/naturotraveller.com\/index.php?rest_route=\/wp\/v2\/pages\/5108\/revisions\/5155"}],"wp:attachment":[{"href":"https:\/\/naturotraveller.com\/index.php?rest_route=%2Fwp%2Fv2%2Fmedia&parent=5108"}],"curies":[{"name":"wp","href":"https:\/\/api.w.org\/{rel}","templated":true}]}}